test common divisor of 30 and n?
10
Suppose 463 = 4*m - o, -m - 2*o + 6*o + 97 = 0. What is the highest common factor of 13 and m?
13
Suppose -21*k + 108 = -459. What is the greatest common factor of 36 and k?
9
Let i(a) = -271*a + 62. Let o be i(-1). Calculate the greatest common factor of 74 and o.
37
Let v(n) = 4*n**3 + 16*n**2 - n - 16*n**3 - 1 + 9*n**3. Let q be v(5). Calculate the highest common factor of q and 19.
19
Suppose -36 + 14 = -2*k. Let d be (0 + 0 + 1)*4. Let q = d - 3. Calculate the highest common factor of k and q.
1
Suppose 75*a + 3690 = 84*a. What is the greatest common divisor of 20 and a?
10
Suppose 1 = 3*f - 2*f. Calculate the highest common factor of 19 and f.
1
Let s(n) = -59*n + 25. Let i be s(0). Calculate the greatest common factor of i and 50.
25
Let p(z) be the second derivative of -z**4/6 + 8*z**3 - 19*z**2/2 - 17*z. Let s be p(23). What is the greatest common divisor of 54 and s?
27
Let w = -321 + 325. Calculate the highest common divisor of 28 and w.
4
Let m = -6 + -15. Let z = m + 23. Suppose -z*y + 18 = 2. What is the greatest common divisor of 40 and y?
8
Let l = -33 + 305. Calculate the greatest common divisor of 170 and l.
34
Suppose -j - 18 = -2*y, 0 = 5*y - 4*j - 28 - 20. Calculate the highest common divisor of y and 248.
8
Let d = -14 + 26. Let f be (-9)/72 - 10370/(-16). Let n be f/189 + 3/(-7). Calculate the greatest common divisor of d and n.
3
Let q = 56 - -43. Calculate the greatest common divisor of 72 and q.
9
Suppose 5 = x - 0*x. Suppose x = -3*u + 20. Calculate the highest common factor of u and 45.
5
Suppose 8 - 29 = -4*o + g, -g - 9 = -o. Suppose -9*c + 61 = -11. Suppose 3*r = o*r - c. What is the highest common factor of 8 and r?
8
Let d be (12/10)/(15/7250*10). What is the greatest common divisor of 203 and d?
29
Suppose 0 = -4*b + 4*t + 16, -b + 8 = t - 0*t. Suppose -5*a - q + 37 = 0, -2*a = -7*q + 3*q - b. What is the greatest common divisor of a and 56?
7
Let h = 71 - 68. What is the greatest common divisor of 11 and h?
1
Let z = 337 + -33. What is the greatest common factor of 19 and z?
19
Let b(m) = 2*m**2 + 8*m + 4. Let o be b(-5). Let h be (1/(-2))/((o/24)/(-7)). What is the greatest common divisor of 3 and h?
3
Suppose 114 = 406*c - 403*c. Suppose -c*s = -35*s - 180. Calculate the highest common factor of 48 and s.
12
Suppose -4*y + 20 = 4*o, -2 = 2*o - 5*y - 5. Suppose -5*q + 2*q = -o*t + 45, 0 = -3*t - q + 37. What is the highest common factor of 156 and t?
12
Let t(s) = -7*s - 1. Let b be t(-2). Let z = -60 - -54. Let d be 0 - 0 - -28 - (-12)/z. Calculate the highest common divisor of b and d.
13
Suppose 4*q - 84 = 3*q. Let a = -34 + q. Suppose 5*w = -0*w + a. Calculate the greatest common divisor of w and 90.
10
Suppose -2*k - 3*y = -91, -4*k + 3*y + 15 + 158 = 0. Suppose -4*c + 3*g = -k - 61, 0 = 3*c - g - 80. What is the greatest common divisor of c and 3?
3
Let a = -336 - -674. Calculate the greatest common divisor of a and 221.
13
Let y(j) = -15*j**2 + 36*j**3 + 11 + 26*j + 1 - 35*j**3. Let l be y(13). Calculate the greatest common factor of l and 36.
12
Suppose 4*w + 4*k = 552, 0 = -13*k + 8*k - 10. What is the highest common factor of 50 and w?
10
Let y be ((-12)/(-10))/((-2)/(-60)). Suppose 8*d - 5*d - 15 = 0. Suppose -n = d*u - 4*n - 41, -y = -4*u + 4*n. Calculate the greatest common divisor of 7 and u.
7
Suppose 3 = -3757*p + 3758*p. Suppose -3*r - 3*n = -n - 25, -3*n - 5 = -4*r. What is the highest common factor of r and p?
1
Suppose 0 = -4*g + 20, 0 = -5*i - 2*g + 29 - 4. Suppose i*p = 12, 3*h + 2*h + 4*p - 36 = 0. Calculate the greatest common divisor of h and 16.
4
Let k(o) = 27*o**2 + 9*o. Let m be k(-2). Calculate the highest common factor of m and 18.
18
Suppose -8 = -4*t - 0*t. Let j(g) = 0*g**t + 3*g**2 - 3 + 5*g + 3. Let o be j(-4). Calculate the highest common factor of o and 7.
7
Suppose -3*y = 4*v - v - 57, 0 = -5*y + v + 65. Suppose -2*j = -4*h + 164, -h - 2*j = 2*h - 130. What is the highest common divisor of y and h?
14
Suppose -l - 2 = -6. Let t = l - 3. Suppose -4*k = o - 25, 17 = 2*k + o - 2*o. Calculate the greatest common factor of k and t.
1
Let u(j) = -j**3 - 21*j**2 + 45*j. Let a be u(-23). Suppose o + 920 = 6*o. Calculate the greatest common divisor of o and a.
23
Suppose 0 = -4*r + 4*a + 1156, -26 = r + a - 317. Calculate the highest common divisor of 29 and r.
29
Let u be ((-1)/4)/(14/(-56))*9. What is the highest common divisor of u and 216?
9
Let z be 62/(-403) + 184/13. Calculate the greatest common factor of 91 and z.
7
Suppose 59*r - 44*r - 90 = 0. What is the highest common factor of r and 498?
6
Let w be (-14 - -10)/(1 - 5). Let a be (-753)/(-12) - w/(-4). Let c(l) = l**2 - 9*l + 7. Let j be c(9). Calculate the greatest common divisor of j and a.
7
Suppose -2*b = -4*u - 12, 5*b + u - 18 = -u. Suppose -i = b*i - 1320. What is the highest common divisor of 33 and i?
33
Let h = 1 + 13. Suppose t - s + h = -4*t, 2*t = -s. Let d be t/4 + 3/2. What is the highest common factor of 2 and d?
1
Let k be 1113/35 - 3/(-15). Suppose 27 = 33*f - k*f. Suppose -f - 83 = -5*i. Calculate the highest common factor of i and 11.
11
Let j = 551 + -491. What is the greatest common factor of 510 and j?
30
Suppose 2*b = 5*b - 18. Let s be b/8*32/1. Let f(l) = -11*l + 316. Let z be f(28). Calculate the greatest common factor of z and s.
8
Let s(k) = 10*k - 5. Let n be s(2). Let i be (-65)/(-25) - (-6)/n. Suppose 0*d - 462 = -i*d. What is the greatest common factor of 14 and d?
14
Let t(i) = -42*i + 2. Let r be t(1). Let n = r + 42. What is the highest common factor of 2 and n?
2
Suppose 610 - 10 = 15*j. Suppose 3*f - 38 = 10. Calculate the greatest common factor of f and j.
8
Let j = 294 + -207. What is the greatest common divisor of j and 29?
29
Let s(k) = -k**3 + 11*k**2 + 12*k - 8. Let r be s(8). What is the highest common factor of 168 and r?
56
Suppose -2*s = -7 - 5. Suppose -11*j = -24*j - 13. Let g be 2 - (-1*s - j). What is the greatest common divisor of g and 1?
1
Let w(z) = -z + 1. Let f be 6/(-8) + (-120)/(-32). Let r be w(f). Let s be 24/16 + (-5)/r. Calculate the greatest common divisor of s and 1.
1
Let z be 4*9/12 + 5. Suppose -6*l + 2*l + 3*x = -105, 22 = l - 5*x. Suppose 5 + l = 4*s. Calculate the greatest common divisor of s and z.
8
Suppose 45*q = q + 132. Calculate the highest common factor of q and 213.
3
Let x(u) = u**2 + 6*u - 7. Let c be x(5). Let w(m) = m**2 - 6*m - 10. Let o be w(8). What is the greatest common factor of c and o?
6
Suppose 0 = 6*f + f - 420. Suppose 4*d = -5*s + d + 159, 2*s - f = -3*d. Let x = s - 25. What is the highest common divisor of x and 88?
8
Let x(s) = 11*s - 14. Let y be 1 - (-2)/((-8)/(-12)). Let n be x(y). Let v be (1 + 4/20)*n. What is the highest common factor of v and 24?
12
Let y(t) = -4*t**2 - 43*t + 3. Let n be y(-10). What is the greatest common factor of n and 110?
11
Let v(c) = 4*c**2 + 10*c - 27. Let d be v(11). Calculate the highest common divisor of 126 and d.
63
Let o = 74 - 6. Suppose 2*j = -4*q + o, 2*j - 69 = -q - 4*q. Calculate the highest common factor of j and 48.
16
Suppose -4*f + 5*f = 14. Suppose 14 = 2*z - f. Let g(x) = -x**3 + 15*x**2 - 13*x + 16. Let p be g(z). What is the highest common factor of p and 10?
10
Suppose -2*l + l = 10. Let i = l - -52. What is the greatest common divisor of i and 7?
7
Let t(m) = m - 7. Let i be t(5). Suppose -f = -4*b - 22, b = -2*f - 4*b - 8. Let x be i/4 - (-129)/f. What is the highest common factor of 7 and x?
7
Suppose 4*j = 10*j - 102. Suppose -13 = -3*d + j. What is the highest common factor of 2 and d?
2
Suppose -113 = 2*y + 5*g - 562, 853 = 4*y - 5*g. Calculate the highest common divisor of y and 7.
7
Let v be 24/(-16 + 8) + 287. Calculate the greatest common factor of 213 and v.
71
Let x(w) be the first derivative of w**4/4 + 5*w**3/3 - 4*w**2 + 3*w + 9. Let f be x(-6). Calculate the highest common divisor of f and 6.
3
Let s be 4/(((-4)/(-50))/1). Suppose 1136 - 446 = 69*q. Calculate the highest common factor of s and q.
10
Suppose 323 - 1203 = -8*a. Calculate the greatest common divisor of a and 44.
22
Let b(q) = -q**2 + 24*q + 380. Let u be b(33). What is the highest common divisor of u and 1826?
83
Let n be ((-100)/35)/(2/(-63)). Wha